ue
Is 631106309 a composite number?
False
Is 93934889 prime?
True
Is 948433261 a prime number?
True
Is 1061329597 a composite number?
True
Is 32225343437 a composite number?
True
Is 785437271 a prime number?
True
Is 2797267331 prime?
True
Is 1177715501 prime?
True
Is 1996318381 a prime number?
False
Is 14524846537 a prime number?
True
Is 192194567 composite?
False
Is 8304445439 composite?
False
Is 4035119171 composite?
False
Is 25743103753 a prime number?
True
Is 253925093 a composite number?
False
Is 14068118807 composite?
False
Is 207654301 composite?
False
Is 109106161 composite?
False
Is 394389767 composite?
False
Is 5836883803 composite?
False
Is 16508025613 composite?
True
Is 1301178547 a composite number?
False
Is 1698541193 a composite number?
False
Is 20513671699 a prime number?
True
Is 2107764887 composite?
True
Is 95499465713 a prime number?
True
Is 3230639371 prime?
True
Is 2760095453 composite?
True
Is 4918799603 a composite number?
True
Is 432303581 a composite number?
True
Is 121088153 prime?
True
Is 72784798859 a prime number?
False
Is 6746717527 a prime number?
False
Is 13105646395 composite?
True
Is 4994541473 a composite number?
True
Is 102111151 a prime number?
True
Is 10771492627 a composite number?
True
Is 13048776137 a prime number?
False
Is 311168591 a composite number?
False
Is 2561662139 a prime number?
False
Is 793306433 a prime number?
False
Is 8257533731 prime?
True
Is 20650386077 prime?
True
Is 4439511779 a prime number?
True
Is 940990248337 prime?
True
Is 28045942773 a composite number?
True
Is 28000410707 a composite number?
True
Is 695967637 composite?
False
Is 3754586369 a prime number?
True
Is 35939928697 prime?
True
Is 13711469177 prime?
False
Is 540687853 a prime number?
True
Is 36272442083 prime?
False
Is 1042850573 prime?
True
Is 1001337611 a prime number?
True
Is 258052721 composite?
False
Is 22265242171 a prime number?
True
Is 841274633 prime?
True
Is 3861435238 a prime number?
False
Is 18786663349 a composite number?
True
Is 85818964629 a composite number?
True
Is 105528281731 prime?
True
Is 42716862919 prime?
True
Is 283149497 composite?
False
Is 10937209303 prime?
True
Is 32855007587 a composite number?
False
Is 3122446601 prime?
True
Is 1397034997 composite?
False
Is 5066943643 a prime number?
False
Is 327288279 a composite number?
True
Is 10001827571 a prime number?
False
Is 1930774823 a composite number?
True
Is 56246483 prime?
False
Is 241867766401 a prime number?
True
Is 1216391431 composite?
True
Is 9194896103 a prime number?
False
Is 19387835563 a prime number?
True
Is 860959991 prime?
True
Is 1110714173 composite?
True
Is 1920037871 composite?
True
Is 6021305039 prime?
True
Is 108855673 prime?
True
Is 680024963 a composite number?
False
Is 2104742839 composite?
True
Is 9058690499 a prime number?
False
Is 1561186897 a prime number?
False
Is 20963011 a prime number?
True
Is 6565480807 composite?
True
Is 142486621151 composite?
True
Is 94654487897 a composite number?
False
Is 43389755 prime?
False
Is 919366519 composite?
True
Is 685264183723 a composite number?
True
Is 269121317 composite?
False
Is 46202933279 composite?
False
Is 4925105193 a composite number?
True
Is 7554305881 a prime number?
False
Is 17186122463 a composite number?
True
Is 64260630767 prime?
True
Is 7951422577 a composite number?
True
Is 3936591346 composite?
True
Is 26346949557 prime?
False
Is 1573259209 prime?
True
Is 30626634721 a prime number?
True
Is 13884094117 a composite number?
False
Is 3381833453 composite?
False
Is 18858855287 composite?
False
Is 4462422187 prime?
True
Is 4672497977 a composite number?
True
Is 44887267779 a composite number?
True
Is 737577373 prime?
False
Is 6714747349 a prime number?
True
Is 9510469613 a composite number?
True
Is 10884794737 a prime number?
True
Is 72856859 a prime number?
True
Is 458276263 a prime number?
True
Is 3187277419 composite?
True
Is 359005579 composite?
True
Is 48342761809 prime?
True
Is 19460845801 a composite number?
False
Is 9421935691 a prime number?
False
Is 10101398173 a prime number?
True
Is 279894167837 prime?
True
Is 860973149 a composite number?
False
Is 43466304793 a composite number?
True
Is 1230187639 a composite number?
True
Is 2874640049 composite?
False
Is 328137437 a composite number?
False
Is 1034385527 a prime number?
False
Is 6106357685 a composite number?
True
Is 1805995333 composite?
True
Is 709871395 a prime number?
False
Is 490979429 prime?
True
Is 7719095261 composite?
False
Is 34391011791 a composite number?
True
Is 219344611 composite?
True
Is 9136139939 prime?
False
Is 1807397167 composite?
False
Is 7031962669 prime?
False
Is 1477191071 composite?
True
Is 133704397 composite?
True
Is 5942786569 prime?
False
Is 365369665 prime?
False
Is 32303904233 a prime number?
False
Is 10791882091 prime?
True
Is 1742971979 a composite number?
True
Is 875409181 prime?
True
Is 696400043 a prime number?
True
Is 126696195949 composite?
False
Is 8367729829 a composite number?
False
Is 12782782031 composite?
False
Is 13597379777 prime?
True
Is 438524659 a composite number?
True
Is 294579299 prime?
False
Is 20632151 a composite number?
True
Is 1982680829 a composite number?
True
Is 2832968641 composite?
True
Is 3556922339 a composite number?
True
Is 53302952499 prime?
False
Is 20528701 a composite number?
False
Is 1963032281 prime?
False
Is 44316480269 a prime number?
True
Is 35377763 prime?
True
Is 8859539363 prime?
True
Is 1080431477 a prime number?
True
Is 2291111023 a prime number?
True
Is 1715477191 prime?
False
Is 451882283 a composite number?
True
Is 892017031 composite?
False
Is 1106540086 a prime number?
False
Is 349344413 composite?
True
Is 87958993 prime?
False
Is 548101133 composite?
False
Is 239185139 prime?
True
Is 525945619 prime?
True
Is 9925225251 composite?
True
Is 5226015115 composite?
True
Is 16083302197 composite?
False
Is 14244143 a prime number?
True
Is 3843576193 a prime number?
True
Is 503546371 a composite number?
True
Is 23815344151 a composite number?
False
Is 1580678687 composite?
True
Is 1842769157 a composite number?
True
Is 1748944679 prime?
False
Is 12828994253 prime?
False
Is 332315023 composite?
False
Is 104184926 prime?
False
Is 3867265021 a prime number?
True
Is 101882393 composite?
False
Is 623324411 a composite number?
False
Is 58302376777 a prime number?
False
Is 7000206809 prime?
True
Is 337117791 a prime number?
False
Is 83423027 composite?
True
Is 1529431433 prime?
True
Is 143768831 a prime number?
True
Is 161655973 a prime number?
False
Is 146745997 a composite number?
True
Is 3027781769 a prime number?
True
Is 944787919 prime?
False
Is 205961072197 a composite number?
False
Is 4321870661 composite?
False
Is 6964412803 a composite number?
False
Is 5346153011 composite?
True
Is 914313629 a prime number?
False
Is 213211761871 composite?
True
Is 889472957 prime?
False
Is 3894772894 a composite number?
True
Is 2296790479 prime?
True
Is 14745353683 composite?
False
Is 19514100377 a prime number?
False
Is 992306671 a composite number?
False
Is 8321305123 a composite number?
False
Is 218835673031 a prime number?
True
Is 25928018327 prime?
True
Is 434706911 composite?
False
Is 11404128283 a composite number?
False
Is 5537069171 prime?
False
Is 1293150923 a composite number?
False
Is 577247737 a composite number?
True
Is 1429245383 a composite number?
True
Is 6990599983 a composite number?
False
Is 1787568359 a prime number?
True
Is 3447523043 a composite number?
False
Is 316340897 a prime number?
False
Is 1107122173 a prime number?
False
Is 42486897493 a composite number?
False
Is 3703594229 a composite number?
True
Is 19694153 composite?
False
Is 10051278943 a prime number?
True
Is 6654066541 prime?
True
Is 1181140931 composite?
True
Is 212120627 prime?
True
Is 2379442753 a prime number?
True
Is 4941984871 composite?
True
Is 15454546733 composite?
False
Is 351232741 a prime number?
True
Is 4109896883 prime?
True
Is 2867633303 composite?
True
Is 437780251 prime?
False
Is 4695172453 prime?
True
Is 8920435165 a composite number?
True
Is 2359551823 a prime number?
True
Is 46091692501 composite?
False
Is 5439176317 composite?
True
Is 235244695381 a prime number?
True
Is 1691543447 a composite number?
True
Is 23581267601 a comp